-59
Evaluate -28 - -13 - -26 - -7 - -24.
42
What is the value of -3 - 4 - (7 - -4 - 57)?
39
84 + -73 - (11 + -4 + 9) - -52
47
Calculate 11 - (-3 + -21 + (3 - -11) - -2).
19
13 + 31 + 14 - 17
41
Calculate 2 + (-4 - -16) - (-26 - (21 + -45)).
16
What is -127 + -56 + 142 + -27?
-68
(-89 - (18 + -47)) + -17 + 3 - -3
-71
Calculate -11 + -2 + -7 + 20 + -22 - 12 - -9.
-25
1101 + -1135 + 87 + 0
53
Evaluate (107 - (3 - 7) - (-219 + 237)) + -17.
76
What is 74 - (63 + (48 - 58))?
21
Calculate -4 - (146 - (14 + (-23 - -25))).
-134
What is the value of (45 - 1) + 5492 + -5492?
44
Calculate 40 - (83 + 20 + -48).
-15
What is the value of -90 + (1 - -21 - (-524 + 516))?
-60
What is 83 + (24 - 101) - 96?
-90
Evaluate (33 + -35 - (-11 + -1)) + 29.
39
What is the value of -11 + 3 + -2 - (-751 - -874)?
-133
Calculate 1 + -125 - (-1897 - -1866).
-93
-2 - (100 + 5) - -82
-25
What is (-28 - (8 + (-8 - 9)) - -13) + 1 + 7?
2
What is 29 - 12 - 11 - 3 - -44?
47
What is (10 - 20) + (-7 - (-12 - 1)) - 25?
-29
What is 42 + -17 - 16 - -45?
54
What is the value of 45 + -72 + (-230 - -301)?
44
What is -603 + 614 + (30 - (4 + -2))?
39
What is the value of -25 - -27 - ((7 - 4) + 8 - -9 - -9)?
-27
What is 8 + (-68 - (-13 - (4 - 6)) - -10)?
-39
What is the value of -11 + -28 + -4 + 46?
3
Evaluate -30 + -21 + (-23 - -12) + 44.
-18
Calculate (80 - 116) + 171 - 55.
80
Evaluate -32 - -64 - (8 - -69 - -8).
-53
Calculate (2 - (5 + 10)) + -11 + 14.
-10
What is 0 + -15 - (691 - 724) - 92?
-74
What is the value of 35 - (-1 - 50 - (-1004 + 986))?
68
What is the value of -27 - (-90 + (-55 - -36) - 33)?
115
What is the value of 4 - (-4 + -35) - (-25 + 26 - -7)?
35
Calculate 2 + (-244 + 237 - (0 - 0) - -11).
6
What is 53 - (-64 + 12 - -78)?
27
Calculate -65 - 9 - (1 - 22 - (-336 + 327)).
-62
What is the value of (-8 - -2 - (11 - (37 - 18))) + 80 + 4?
86
Calculate -4 + (-3 - -29) + 461 + -457.
26
Calculate (16 + 14 - 7) + -126 + -2 + 18.
-87
Evaluate (-7 - -5) + 2 - (18 + -24) - (-62 + 61).
7
Calculate (-93 - (11 - 34)) + (-1 - -26).
-45
Evaluate 26 + -51 + 10 + 4.
-11
Evaluate -131 - -133 - (5 + (52 - (9 - 4))).
-50
What is (9 - 25) + 8 + (-1 - -2 - (115 + -172))?
50
91 - 111 - ((11 - (-2 - -3)) + 2)
-32
(32 - (9 + 5)) + -14 + (2 - 2)
4
What is the value of -29 - (-118 + (-65 - -73))?
81
What is -90 + 0 - (-13323 + 13117)?
116
6 + 32 + (14 - 48 - -12)
16
Calculate 34 - -5 - (-2 - -59) - (-163 + -7).
152
What is 36 + -229 + 133 + (2 - 15)?
-73
(19 - (0 + 24)) + (3 - 5) - (12 - 37)
18
227 + -268 - (0 + -13 + 31)
-59
What is (-47 - -19) + 3 - 9 - -1?
-33
What is the value of 7 - 60 - -3 - 9 - (-10 - (8 + -14))?
-55
What is -49 - -5 - (-289 - -228)?
17
Calculate (-54 + 0 - 1) + (-43 + 65 - 12).
-45
(-21 - (16 + -44)) + (49 - 76)
-20
32 + -49 + 19 + (-3 - 6)
-7
Evaluate 127 + -47 + -19 - 45.
16
(5507 - 5514) + (1 - -81)
75
What is -19 + (-33 - -62 - -9)?
19
Calculate (10 + 0 - (154 - 187)) + (-15 - -11).
39
Calculate -11 - (13 + (-5 - (-12 - (2 + -15)) - 1)).
-17
What is the value of -7 + (32 - (0 + -6 - -16 - 21 - -1))?
35
What is (-9 + 5 - (-24 - 6 - 3)) + 7?
36
Evaluate -34 + (-39 + 40 - (21 + -2)).
-52
Evaluate (-9 - (10 + (17 - 25))) + 27.
16
(94 - 45 - 17) + -13
19
What is 1 - (19 + (-18 - -12) + -10) - (1 - 43)?
40
Calculate 65 + (-22 - 14) + (9 - 14).
24
What is the value of -1 - (0 + 12 + 2 - (-257 + 260))?
-12
Calculate 18 + -42 + -1 + 17 + 100 - -14.
106
Calculate (3 - -7) + (6 + -31 - -16) + 0 + 4.
5
What is 58 - (-28 - -119 - 51)?
18
Calculate -4 + -7 + 4 - (29 - 20) - -3.
-13
What is the value of 55 - (-7 + -17 + 19 + (4 - 5))?
61
What is (-7 - 33 - (121 + -212)) + 35?
86
What is (-23 - 0 - -21) + 39?
37
Evaluate (-3 - (3 - -7)) + (1 + 9 - (-962 - -901)).
58
What is 9 - 19 - (-35 - -31)?
-6
Evaluate 51 + (-162 - (-34 + -41)).
-36
What is (-93 - 0) + -158 + -11 + 160?
-102
(803 - 857) + (42 - -3)
-9
Evaluate 59 + -5 - (-256 + 249).
61
Calculate -6 + (-43 - -33) - -39 - -99.
122
Evaluate 195 + (14 - (145 - -7)).
57
What is -105 - -60 - 21 - 0?
-66
-13 + 0 - ((34 + -50 - -15) + -3 + -1)
-8
Calculate -2 + 0 + -7 + 13 + 4.
8
Evaluate (-3 - -1 - 8) + (9 - -7) + -88 + 64.
-18
What is -23 + (95 - 36) - -11?
47
What is -2 + -102 + -35 + 130?
-9
What is the value of -46 + (6 - 18) + -18 + 13 + 3?
-60
What is the value of -19 + 30 - (2 - -17 - -10)?
-18
What is the value of -13 + -23 - (-127 + 47)?
44
(-156 - -174) + (-106 - 2) - (-2 + (2 - -14))
-104
What is the value of (0 - (11 - 1)) + -29945 + 29844?
-111
Calculate (32 - 37) + 4 - (-4 - -30 - -3).
-30
What is 62 - (-1 - -15 - (11 + -22 + 2 + 15))?
54
What is the value of -9 - 75 - (131 + -147) - 18?
-86
Calculate 70 - 4 - (-1549 - -1661).
-46
Calculate (38 - 45 - -11 - 66) + (1 - -13).
-48
What is the value of (4 - ((-55 - -67) + (-6 - 2))) + 13?
13
What is -3 - -27 - (150 - (178 + -96))?
-44
What is -49 - (5 + 36 + (-14 - -3) + -17)?
-62
5 + 26 - (200 + -153)
-16
Calculate 6 + (4 + -8 - 30).
-28
Evaluate (93 - 54) + -55 + 6 - 41.
-51
Evaluate 11 + 53 + -22 + -8.
34
Calculate (2 + 0 - 11) + -1 + (49 - -2) - -2.
43
What is (154 - (-13 - -37)) + -6 + (-5 - -4)?
123
Evaluate 78 + -167 + 29 + (1 - -19).
-40
Calculate 14 - (-134 + 150 - (-1 + (-36 - -2))).
-37
What is 433 + -370 + -4 + -57?
2
What is -184 - (102 + -209) - (-11 - (1 - 0))?
-65
What is 47 + -35 + -16 + 1?
-3
What is the value of 7 + -14 + 14 - (3 + 1 + -10 + -46)?
59
24 - (-16 + -26 + -3 + 17)
52
What is -18 + 21 + -35 + 46?
14
Evaluate -6 + (-9 - (-11 - 32)) + (4 - -5 - 0).
37
Calculate -98 - (-81 - -98) - -75.
-40
(3 - -1) + (-30 - -24) + 38 + -79
-43
(-20 - -20) + (5 - (1 + 6)) + 4 - 54
-52
What is -6 + -15 - (-30 - (-28 - 22))?
-41
What is -9 + 87 + -19 + -41 + 22?
40
18 + (-38 + 33 - (-45 + 1))
57
What is (5 - 2) + -37 + (-54 - -147)?
59
Calculate 65 + -21 - -2 - -21.
67
Calculate (-73 - (78 + -154)) + -32.
-29
What is the value of (2 - 0) + -15 + (12 + 66 - 26) + -1?
38
What is 6 + 12 + 12 - (-7 - (2 + -1))?
38
6 + 1 + -31 + 64 + 21
61
-9 + 7 + -9 - (13 + 1 + -151 + 87)
39
67 - 4 - (34 + (-6 - -2))
33
Evaluate -5 - (-132 + 146 - -54).
-73
Calculate -2 + 3 + -12 + (-1526 - -1572).
35
Calculate 15 - 7 - 11 - 3 - -7.
1
What is -959 + 962 + (6 - -48)?
57
100 + 5 + -3155 + 3119
69
Calculate (45 - (7 + -14 + (1 - -15))) + (-4 - 1).
31
Evaluate 74 + -59 + (-7 - (-141 - (9 + -20))).
138
-31 + (2 - -2) + (-15 - -7 - -8)
-27
What is the value of 40 - (9 + (-45 - (6 + -23)))?
59
Evaluate -9 + (-46 - -31 - (-19 - 0)) + 16 - 45.
-34
Evaluate (4 - (9 - 3) - (9 + -3)) + 4.
-4
Evaluate 70 - (-9 - (-161 + 51)).
-31
-63 + 179 + -70 + -21
25
What is -40 - -32 - -59 - -3?
54
25 + (-25 - (-37 + 25 + -23))
35
Evaluate -1 + 0 + 8 + 158 + -424 + 394.
135
Calculate -29 - (-211 - -208 - ((-3 - 1) + 6)).
-24
Evaluate -111 + (-1 - (-7 + 3 + -1 - (32 + -45))).
-120
Evaluate (40 - 26) + (-2 - 2) + -11 - (3 - -1).
-5
(-53 - -116) + -75 + 120
108
Evaluate -44 + 25 + -39 - (4 - -1 - -6).
-69
What is 53 - ((-8 - -1) + 13 + -20 + (2 - -18))?
47
Calculate -37 + 21 + 4 + 152 + -38.
102
What is (5 - (-42 + (115 - 14))) + -30?
-84
What is -41 - (22 + -88 + -6 + -22)?
53
What is 14 + (-27 + 15 + -2 - (2 + -5)) + 76?
79
What is the value of (255 - (-304 - -603)) + 0 + -6?
-50
(9 + 10 + 10 + 5 - 7) + (0 - 0)
27
What is -9 - (-13 + 4 - -2 - (261 - 266))?
-7
What is -62 + 2 - (26 + -53 - (-14 + -34))?
-81
Calculate 89 - 128 - (12 - (-1 + 4 + 0)).
-48
Evaluate -6 - (33 + 7) - (-18 - (-29 + 22 + -6)).
-41
43 + (1 - -15) - (9 + -7)
57
(0 - -3 - 11) + 2287 + -2283
-4
What is 0 - -20 - 6 - (2326 + -2264)?
-48
What is the value of 0 + -33 + (384 - 367) - -85?
69
What is 16 + -60 + 213 + (-23 - (0 - 4))?
150
What is 1 + -3 + 6 - ((-12 - 2) + -23 + -7)?
48
10 + (-21 - (-2 + -6) - -1) + 0
-2
What is the value of (-56 - (-104 + 40) - 18) + (51 - 0)?
41
Evaluate -21 - (-1 - -8 - (367 + -373)).
-34
(23 + -31 - -13) + (-1 - (69 - -11))
-76
Evaluate (23 - (32 + -21)) + (-2 - 25 - 6 - -6).
-15
What is the value of 0 + 16 - 1 - (-24 - ((36 - 36) + -74))?
-35
Evaluate 100 + -98 - -105 - 225.
-118
What is 0 - -129 - (18306 - 18068)?
-109
Calculate ((45 - 61) + 20 + -1 - (65 - -2)) + -7.
-71
What is (-24 + 21 - -15) + (-61 - (6 + (-6 - 1)))?
-48
(1 - -54 - 7) + (-4 - 19) + 19
44
Calculate 6 - (-6 - (-1 + -2) - (83 + 7 - 36)).
63
Ev